umber?
True
Is 13739 a composite number?
True
Is 99205 composite?
True
Is 18839 a prime number?
True
Is 7679 prime?
False
Is 157889 a composite number?
False
Is 171809 a prime number?
False
Is 72563 a composite number?
True
Is 775183 composite?
True
Is 37627 a composite number?
True
Is 648913 prime?
False
Is 7307 composite?
False
Is 20297 a composite number?
False
Is 595451 prime?
True
Is 12889 composite?
False
Is 824179 composite?
False
Is 51583 a composite number?
True
Is 471253 composite?
False
Is 1007 composite?
True
Is 15101 a composite number?
False
Is 24317 a composite number?
False
Is 4704133 a composite number?
True
Is 1273 composite?
True
Is 309745 prime?
False
Is 2363477 composite?
True
Is 85282 composite?
True
Is 4561 composite?
False
Is 397 a prime number?
True
Is 32537 a composite number?
False
Is 372805 a composite number?
True
Is 24611 a composite number?
False
Is 927473 composite?
True
Is 1597 composite?
False
Is 79229 a composite number?
False
Is 1214547 prime?
False
Is 1017443 composite?
True
Is 5039 composite?
False
Is 4987 a prime number?
True
Is 221159 a prime number?
True
Is 66719 a composite number?
True
Is 116159 a prime number?
True
Is 615131 a composite number?
True
Is 1319 composite?
False
Is 59021 a prime number?
True
Is 5089 a composite number?
True
Is 1019 a composite number?
False
Is 34393 a composite number?
True
Is 2017 a composite number?
False
Is 662163 composite?
True
Is 6187 composite?
True
Is 611771 composite?
True
Is 151627 a composite number?
True
Is 59107 a composite number?
False
Is 36653 a composite number?
False
Is 75947 prime?
False
Is 120007 composite?
True
Is 134 prime?
False
Is 4843 a prime number?
False
Is 108343 composite?
False
Is 6995 composite?
True
Is 790781 a composite number?
False
Is 11311 a prime number?
True
Is 5485 a prime number?
False
Is 599453 a composite number?
True
Is 3683 prime?
False
Is 537941 a composite number?
False
Is 48713 prime?
False
Is 26186 a composite number?
True
Is 456137 a composite number?
True
Is 23269 a composite number?
False
Is 397 prime?
True
Is 1689263 prime?
True
Is 4483 a composite number?
False
Is 41113 composite?
False
Is 14779 a composite number?
False
Is 14923 a prime number?
True
Is 79669 a composite number?
False
Is 16057 a composite number?
False
Is 58043 a prime number?
True
Is 80403 a prime number?
False
Is 199327 a prime number?
False
Is 160709 a composite number?
False
Is 7069 a composite number?
False
Is 44839 a composite number?
False
Is 347239 a composite number?
False
Is 187847 a composite number?
True
Is 8813 a prime number?
False
Is 1589 a prime number?
False
Is 8279 composite?
True
Is 136871 a composite number?
True
Is 22641 a prime number?
False
Is 557663 a composite number?
False
Is 1835 composite?
True
Is 84641 prime?
False
Is 667066 a composite number?
True
Is 307481 prime?
True
Is 9134 prime?
False
Is 16285 a composite number?
True
Is 39143 prime?
False
Is 7907 a composite number?
False
Is 33539 composite?
True
Is 306905 a prime number?
False
Is 1440119 a composite number?
False
Is 15421 prime?
False
Is 27179 a prime number?
True
Is 298063 composite?
False
Is 2747 a composite number?
True
Is 86414 composite?
True
Is 219499 a composite number?
True
Is 862311 a composite number?
True
Is 787 a prime number?
True
Is 30293 a prime number?
True
Is 53479 prime?
True
Is 28901 prime?
True
Is 161003 a composite number?
True
Is 674 prime?
False
Is 5403 a composite number?
True
Is 41861 composite?
True
Is 209659 a prime number?
True
Is 283267 composite?
False
Is 47863 a composite number?
True
Is 36238 a composite number?
True
Is 35657 composite?
True
Is 7349 a composite number?
False
Is 34807 a composite number?
False
Is 80861 prime?
False
Is 284827 a prime number?
False
Is 371447 composite?
False
Is 21683 composite?
False
Is 179791 a prime number?
False
Is 17669 prime?
True
Is 21377 prime?
True
Is 7694 a composite number?
True
Is 337 a composite number?
False
Is 1741 a prime number?
True
Is 94429 composite?
True
Is 73307 a composite number?
True
Is 7499 a composite number?
False
Is 586657 composite?
True
Is 2559 composite?
True
Is 2077 a composite number?
True
Is 10193 prime?
True
Is 1461 a prime number?
False
Is 11967 a composite number?
True
Is 1255 a prime number?
False
Is 3407 prime?
True
Is 1608073 prime?
False
Is 39499 a prime number?
True
Is 4661 composite?
True
Is 3455 composite?
True
Is 85031 prime?
False
Is 8491 a prime number?
False
Is 33427 a composite number?
False
Is 26237 a composite number?
False
Is 52943 a composite number?
True
Is 6547 prime?
True
Is 55603 a prime number?
True
Is 2117461 a prime number?
True
Is 10559 a composite number?
False
Is 5401 a composite number?
True
Is 1742339 a composite number?
False
Is 3065 composite?
True
Is 86974 composite?
True
Is 44663 a prime number?
False
Is 18191 a prime number?
True
Is 328499 composite?
True
Is 647 a prime number?
True
Is 1975381 prime?
True
Is 848219 prime?
False
Is 2846 a prime number?
False
Is 146207 composite?
True
Is 18137 prime?
False
Is 8458 a composite number?
True
Is 853 a prime number?
True
Is 72817 a prime number?
True
Is 2026613 a composite number?
False
Is 274403 composite?
False
Is 205987 a prime number?
False
Is 54889 a prime number?
False
Is 180231 a prime number?
False
Is 32869 prime?
True
Is 1559 composite?
False
Is 26518 prime?
False
Is 7121 a prime number?
True
Is 79087 composite?
False
Is 6581 composite?
False
Is 86107 a composite number?
True
Is 796391 a composite number?
False
Is 15445 prime?
False
Is 42361 prime?
False
Is 1249 a prime number?
True
Is 53987 composite?
False
Is 217 a prime number?
False
Is 389437 composite?
False
Is 11579 composite?
False
Is 674813 prime?
True
Is 6227 a composite number?
True
Is 6941 prime?
False
Is 73189 a composite number?
False
Is 747041 prime?
False
Is 20199 composite?
True
Is 16427 composite?
False
Is 76537 a composite number?
False
Is 2503 prime?
True
Is 38667 composite?
True
Is 974926 prime?
False
Is 17011 prime?
True
Is 773341 a prime number?
True
Is 125101 composite?
False
Is 1143749 composite?
False
Is 132817 a composite number?
False
Is 86329 a composite number?
True
Is 20981 a composite number?
False
Is 56819 a composite number?
True
Is 4831 a composite number?
False
Is 1198 a composite number?
True
Is 11789 composite?
False
Is 284917 composite?
False
Is 1099481 a prime number?
False
Is 103627 composite?
True
Is 12049 prime?
True
Is 8637 a prime number?
False
Is 1292614 a composite number?
True
Is 14 composite?
True
Is 1949 a composite number?
False
Is 11337 a prime number?
False
Is 12421 prime?
True
Is 15449 composite?
True
Is 13771 prime?
False
Is 1195 prime?
False
Is 970813 prime?
True
Is 216861 a prime number?
False
Is 297146 prime?
False
Is 112429 composite?
False
Is 17246 prime?
False
Is 71647 prime?
True
Is 31547 a composite number?
False
Is 1222931 a composite number?
False
Is 54307 composite?
True
Is 18617 a prime number?
True
Is 22921 a composite number?
False
Is 28957 prime?
False
Is 94 a composite number?
True
Is 1061 a prime number?
True
Is 191 a composite number?
False
Is 14893 a prime number?
False
Is 1008769 prime?
False
Is 65663 prime?
False
Is 6887 a prime number?
False
Is 7993 a composite number?
False
Is 596966 a prime number?
False
Is 13789 a composite number?
False
Is 70823 prime?
True
Is 121963 prime?
True
Is 88589 prime?
True
Is 21083 composite?
True
Is 12633 composite?
True
Is 1949 a composite number?
False
Is 13705 a composite number?
True
Is 1516873 a composite number?
True
Is 9091 a prime number?
True
Is 5951 a composite number?
True
Is 16127 prime?
True
Is 42199 prime?
False
Is 4721 a prime number?
True
Is 47769 a composite number?
True
Is 57973 a prime number?
True
Is 6487 prime?
False
Is 541339 a prime number?
True
Is 4873993 a composite number?
False
Is 19249 composite?
False
Is 26587 a composite number?
True
Is 669241 a composite number?
False
Is 172507 composite?
False
Is 73265 composite?
True
Is 15227 prime?
True
Is 10229 a composite number?
True
Is 18803 a prime number?
True
Is 169391 composite?
True
Is 205885 composite?
True
Is 50497 a composite number?
False
Is 144031 composite?
False
Is 62171 composite?
False
Is 1629755 composite?
True
Is 27673 a composite numbe